{"id":502,"date":"2025-12-30T17:11:10","date_gmt":"2025-12-30T17:11:10","guid":{"rendered":"https:\/\/lumenevia.fr\/index.php\/les-services\/"},"modified":"2026-01-23T15:00:20","modified_gmt":"2026-01-23T15:00:20","slug":"les-services","status":"publish","type":"page","link":"https:\/\/lumenevia.fr\/index.php\/les-services\/","title":{"rendered":"Les services"},"content":{"rendered":"\n\n\n\n\n\n\n\n\n\n\n\n","protected":false},"excerpt":{"rendered":"","protected":false},"author":1,"featured_media":510,"parent":0,"menu_order":0,"comment_status":"closed","ping_status":"closed","template":"full-width","meta":{"saved_in_kubio":true,"footnotes":""},"class_list":["post-502","page","type-page","status-publish","has-post-thumbnail","hentry"],"kubio_ai_page_context":{"short_desc":"","purpose":"general"},"yoast_head":"<!-- This site is optimized with the Yoast SEO plugin v27.3 - https:\/\/yoast.com\/product\/yoast-seo-wordpress\/ -->\n<title>Services en \u00e9clairage public | Expertise technique Lumen\u00e9via<\/title>\n<meta name=\"description\" content=\"Services en \u00e9clairage public : contr\u00f4le d\u2019armoires, inventaire du parc lumineux et \u00e9tudes d\u2019\u00e9conomies d\u2019\u00e9nergie. Intervention sur site.\" \/>\n<meta name=\"robots\" content=\"index, follow, max-snippet:-1, max-image-preview:large, max-video-preview:-1\" \/>\n<link rel=\"canonical\" href=\"https:\/\/lumenevia.fr\/index.php\/les-services\/\" \/>\n<meta property=\"og:locale\" content=\"fr_FR\" \/>\n<meta property=\"og:type\" content=\"article\" \/>\n<meta property=\"og:title\" content=\"Services en \u00e9clairage public | Expertise technique Lumen\u00e9via\" \/>\n<meta property=\"og:description\" content=\"Services en \u00e9clairage public : contr\u00f4le d\u2019armoires, inventaire du parc lumineux et \u00e9tudes d\u2019\u00e9conomies d\u2019\u00e9nergie. Intervention sur site.\" \/>\n<meta property=\"og:url\" content=\"https:\/\/lumenevia.fr\/index.php\/les-services\/\" \/>\n<meta property=\"og:site_name\" content=\"Lumen\u00e9via\" \/>\n<meta property=\"article:modified_time\" content=\"2026-01-23T15:00:20+00:00\" \/>\n<meta property=\"og:image\" content=\"https:\/\/lumenevia.fr\/wp-content\/uploads\/2025\/12\/controle-armoire-eclairage-public-lumenevia-scaled.jpg\" \/>\n\t<meta property=\"og:image:width\" content=\"2560\" \/>\n\t<meta property=\"og:image:height\" content=\"1707\" \/>\n\t<meta property=\"og:image:type\" content=\"image\/jpeg\" \/>\n<meta name=\"twitter:card\" content=\"summary_large_image\" \/>\n<meta name=\"twitter:label1\" content=\"Dur\u00e9e de lecture estim\u00e9e\" \/>\n\t<meta name=\"twitter:data1\" content=\"1 minute\" \/>\n<script type=\"application\/ld+json\" class=\"yoast-schema-graph\">{\"@context\":\"https:\\\/\\\/schema.org\",\"@graph\":[{\"@type\":\"WebPage\",\"@id\":\"https:\\\/\\\/lumenevia.fr\\\/index.php\\\/les-services\\\/\",\"url\":\"https:\\\/\\\/lumenevia.fr\\\/index.php\\\/les-services\\\/\",\"name\":\"Services en \u00e9clairage public | Expertise technique Lumen\u00e9via\",\"isPartOf\":{\"@id\":\"https:\\\/\\\/lumenevia.fr\\\/#website\"},\"primaryImageOfPage\":{\"@id\":\"https:\\\/\\\/lumenevia.fr\\\/index.php\\\/les-services\\\/#primaryimage\"},\"image\":{\"@id\":\"https:\\\/\\\/lumenevia.fr\\\/index.php\\\/les-services\\\/#primaryimage\"},\"thumbnailUrl\":\"https:\\\/\\\/lumenevia.fr\\\/wp-content\\\/uploads\\\/2025\\\/12\\\/controle-armoire-eclairage-public-lumenevia-scaled.jpg\",\"datePublished\":\"2025-12-30T17:11:10+00:00\",\"dateModified\":\"2026-01-23T15:00:20+00:00\",\"description\":\"Services en \u00e9clairage public : contr\u00f4le d\u2019armoires, inventaire du parc lumineux et \u00e9tudes d\u2019\u00e9conomies d\u2019\u00e9nergie. Intervention sur site.\",\"breadcrumb\":{\"@id\":\"https:\\\/\\\/lumenevia.fr\\\/index.php\\\/les-services\\\/#breadcrumb\"},\"inLanguage\":\"fr-FR\",\"potentialAction\":[{\"@type\":\"ReadAction\",\"target\":[\"https:\\\/\\\/lumenevia.fr\\\/index.php\\\/les-services\\\/\"]}]},{\"@type\":\"ImageObject\",\"inLanguage\":\"fr-FR\",\"@id\":\"https:\\\/\\\/lumenevia.fr\\\/index.php\\\/les-services\\\/#primaryimage\",\"url\":\"https:\\\/\\\/lumenevia.fr\\\/wp-content\\\/uploads\\\/2025\\\/12\\\/controle-armoire-eclairage-public-lumenevia-scaled.jpg\",\"contentUrl\":\"https:\\\/\\\/lumenevia.fr\\\/wp-content\\\/uploads\\\/2025\\\/12\\\/controle-armoire-eclairage-public-lumenevia-scaled.jpg\",\"width\":2560,\"height\":1707},{\"@type\":\"BreadcrumbList\",\"@id\":\"https:\\\/\\\/lumenevia.fr\\\/index.php\\\/les-services\\\/#breadcrumb\",\"itemListElement\":[{\"@type\":\"ListItem\",\"position\":1,\"name\":\"Accueil\",\"item\":\"https:\\\/\\\/lumenevia.fr\\\/\"},{\"@type\":\"ListItem\",\"position\":2,\"name\":\"Les services\"}]},{\"@type\":\"WebSite\",\"@id\":\"https:\\\/\\\/lumenevia.fr\\\/#website\",\"url\":\"https:\\\/\\\/lumenevia.fr\\\/\",\"name\":\"Lumen\u00e9via\",\"description\":\"\",\"publisher\":{\"@id\":\"https:\\\/\\\/lumenevia.fr\\\/#organization\"},\"potentialAction\":[{\"@type\":\"SearchAction\",\"target\":{\"@type\":\"EntryPoint\",\"urlTemplate\":\"https:\\\/\\\/lumenevia.fr\\\/?s={search_term_string}\"},\"query-input\":{\"@type\":\"PropertyValueSpecification\",\"valueRequired\":true,\"valueName\":\"search_term_string\"}}],\"inLanguage\":\"fr-FR\"},{\"@type\":\"Organization\",\"@id\":\"https:\\\/\\\/lumenevia.fr\\\/#organization\",\"name\":\"Lumen\u00e9via\",\"url\":\"https:\\\/\\\/lumenevia.fr\\\/\",\"logo\":{\"@type\":\"ImageObject\",\"inLanguage\":\"fr-FR\",\"@id\":\"https:\\\/\\\/lumenevia.fr\\\/#\\\/schema\\\/logo\\\/image\\\/\",\"url\":\"http:\\\/\\\/lumenevia.fr\\\/wp-content\\\/uploads\\\/2025\\\/09\\\/LUMENEVIA_logo.png\",\"contentUrl\":\"http:\\\/\\\/lumenevia.fr\\\/wp-content\\\/uploads\\\/2025\\\/09\\\/LUMENEVIA_logo.png\",\"width\":1920,\"height\":1080,\"caption\":\"Lumen\u00e9via\"},\"image\":{\"@id\":\"https:\\\/\\\/lumenevia.fr\\\/#\\\/schema\\\/logo\\\/image\\\/\"}}]}<\/script>\n<!-- \/ Yoast SEO plugin. -->","yoast_head_json":{"title":"Services en \u00e9clairage public | Expertise technique Lumen\u00e9via","description":"Services en \u00e9clairage public : contr\u00f4le d\u2019armoires, inventaire du parc lumineux et \u00e9tudes d\u2019\u00e9conomies d\u2019\u00e9nergie. Intervention sur site.","robots":{"index":"index","follow":"follow","max-snippet":"max-snippet:-1","max-image-preview":"max-image-preview:large","max-video-preview":"max-video-preview:-1"},"canonical":"https:\/\/lumenevia.fr\/index.php\/les-services\/","og_locale":"fr_FR","og_type":"article","og_title":"Services en \u00e9clairage public | Expertise technique Lumen\u00e9via","og_description":"Services en \u00e9clairage public : contr\u00f4le d\u2019armoires, inventaire du parc lumineux et \u00e9tudes d\u2019\u00e9conomies d\u2019\u00e9nergie. Intervention sur site.","og_url":"https:\/\/lumenevia.fr\/index.php\/les-services\/","og_site_name":"Lumen\u00e9via","article_modified_time":"2026-01-23T15:00:20+00:00","og_image":[{"width":2560,"height":1707,"url":"https:\/\/lumenevia.fr\/wp-content\/uploads\/2025\/12\/controle-armoire-eclairage-public-lumenevia-scaled.jpg","type":"image\/jpeg"}],"twitter_card":"summary_large_image","twitter_misc":{"Dur\u00e9e de lecture estim\u00e9e":"1 minute"},"schema":{"@context":"https:\/\/schema.org","@graph":[{"@type":"WebPage","@id":"https:\/\/lumenevia.fr\/index.php\/les-services\/","url":"https:\/\/lumenevia.fr\/index.php\/les-services\/","name":"Services en \u00e9clairage public | Expertise technique Lumen\u00e9via","isPartOf":{"@id":"https:\/\/lumenevia.fr\/#website"},"primaryImageOfPage":{"@id":"https:\/\/lumenevia.fr\/index.php\/les-services\/#primaryimage"},"image":{"@id":"https:\/\/lumenevia.fr\/index.php\/les-services\/#primaryimage"},"thumbnailUrl":"https:\/\/lumenevia.fr\/wp-content\/uploads\/2025\/12\/controle-armoire-eclairage-public-lumenevia-scaled.jpg","datePublished":"2025-12-30T17:11:10+00:00","dateModified":"2026-01-23T15:00:20+00:00","description":"Services en \u00e9clairage public : contr\u00f4le d\u2019armoires, inventaire du parc lumineux et \u00e9tudes d\u2019\u00e9conomies d\u2019\u00e9nergie. Intervention sur site.","breadcrumb":{"@id":"https:\/\/lumenevia.fr\/index.php\/les-services\/#breadcrumb"},"inLanguage":"fr-FR","potentialAction":[{"@type":"ReadAction","target":["https:\/\/lumenevia.fr\/index.php\/les-services\/"]}]},{"@type":"ImageObject","inLanguage":"fr-FR","@id":"https:\/\/lumenevia.fr\/index.php\/les-services\/#primaryimage","url":"https:\/\/lumenevia.fr\/wp-content\/uploads\/2025\/12\/controle-armoire-eclairage-public-lumenevia-scaled.jpg","contentUrl":"https:\/\/lumenevia.fr\/wp-content\/uploads\/2025\/12\/controle-armoire-eclairage-public-lumenevia-scaled.jpg","width":2560,"height":1707},{"@type":"BreadcrumbList","@id":"https:\/\/lumenevia.fr\/index.php\/les-services\/#breadcrumb","itemListElement":[{"@type":"ListItem","position":1,"name":"Accueil","item":"https:\/\/lumenevia.fr\/"},{"@type":"ListItem","position":2,"name":"Les services"}]},{"@type":"WebSite","@id":"https:\/\/lumenevia.fr\/#website","url":"https:\/\/lumenevia.fr\/","name":"Lumen\u00e9via","description":"","publisher":{"@id":"https:\/\/lumenevia.fr\/#organization"},"potentialAction":[{"@type":"SearchAction","target":{"@type":"EntryPoint","urlTemplate":"https:\/\/lumenevia.fr\/?s={search_term_string}"},"query-input":{"@type":"PropertyValueSpecification","valueRequired":true,"valueName":"search_term_string"}}],"inLanguage":"fr-FR"},{"@type":"Organization","@id":"https:\/\/lumenevia.fr\/#organization","name":"Lumen\u00e9via","url":"https:\/\/lumenevia.fr\/","logo":{"@type":"ImageObject","inLanguage":"fr-FR","@id":"https:\/\/lumenevia.fr\/#\/schema\/logo\/image\/","url":"http:\/\/lumenevia.fr\/wp-content\/uploads\/2025\/09\/LUMENEVIA_logo.png","contentUrl":"http:\/\/lumenevia.fr\/wp-content\/uploads\/2025\/09\/LUMENEVIA_logo.png","width":1920,"height":1080,"caption":"Lumen\u00e9via"},"image":{"@id":"https:\/\/lumenevia.fr\/#\/schema\/logo\/image\/"}}]}},"_links":{"self":[{"href":"https:\/\/lumenevia.fr\/index.php\/wp-json\/wp\/v2\/pages\/502","targetHints":{"allow":["GET"]}}],"collection":[{"href":"https:\/\/lumenevia.fr\/index.php\/wp-json\/wp\/v2\/pages"}],"about":[{"href":"https:\/\/lumenevia.fr\/index.php\/wp-json\/wp\/v2\/types\/page"}],"author":[{"embeddable":true,"href":"https:\/\/lumenevia.fr\/index.php\/wp-json\/wp\/v2\/users\/1"}],"replies":[{"embeddable":true,"href":"https:\/\/lumenevia.fr\/index.php\/wp-json\/wp\/v2\/comments?post=502"}],"version-history":[{"count":9,"href":"https:\/\/lumenevia.fr\/index.php\/wp-json\/wp\/v2\/pages\/502\/revisions"}],"predecessor-version":[{"id":542,"href":"https:\/\/lumenevia.fr\/index.php\/wp-json\/wp\/v2\/pages\/502\/revisions\/542"}],"wp:featuredmedia":[{"embeddable":true,"href":"https:\/\/lumenevia.fr\/index.php\/wp-json\/wp\/v2\/media\/510"}],"wp:attachment":[{"href":"https:\/\/lumenevia.fr\/index.php\/wp-json\/wp\/v2\/media?parent=502"}],"curies":[{"name":"wp","href":"https:\/\/api.w.org\/{rel}","templated":true}]}}